t of b(d)?
8
Suppose -5*h - 1814 = -4*q, -q - 3*h = 4*q - 2249. What is the hundreds digit of q?
4
Let t(r) be the first derivative of 1/2*r**2 - 6*r - 4 + 1/3*r**3. What is the units digit of t(-5)?
4
Suppose 2*l = 6*l + 388. Let h = 176 + l. What is the units digit of h?
9
Suppose -22*p - 1442 = -25*p + 4*f, -5*p + 2380 = -2*f. What is the hundreds digit of p?
4
Suppose -d = 3 + 4. Let m = 10 + d. Suppose 0*o + 2*o - 53 = -5*n, 0 = 5*n + m*o - 57. What is the units digit of n?
9
Let f(i) = i**2 - 5*i - 19. Suppose -t - 4*x + 4 = 3*t, 0 = 4*t - 5*x + 14. Let j(q) = -11*q + 1. Let y be j(t). What is the tens digit of f(y)?
6
What is the hundreds digit of (56 + 3)/((-2)/(-112))?
3
Suppose 4*o - 42 = -z, 3*o + z - 27 = -2*z. Let u = -8 + o. Let p = u - -15. What is the units digit of p?
8
Suppose 2*h - 14 = 4*m + h, -8 = 4*h. Let b be (3/6)/(m/24). Let t = 41 + b. What is the units digit of t?
8
Let s(i) be the second derivative of i**3/6 + 9*i**2 + 10*i. Let y be s(-14). Suppose y + 25 = z. What is the units digit of z?
9
Let y(x) = -x**3 + 5*x**2 - x + 12. Let u be y(5). Suppose p + 7 + 14 = 0. What is the units digit of 14/3 - u/p?
5
Let j = 62 - 34. What is the units digit of (14/j)/(1/6)?
3
What is the tens digit of 21142/55 - (-2)/(-5)?
8
Let p = -66 + 122. Let w be 12/(-78) + p/26. Suppose 32 = 5*m - w*s - s, -3*s + 38 = 5*m. What is the units digit of m?
7
Suppose 5 = 2*l + 3*l. Suppose 2*b - 3 = l. Let v = b - -1. What is the units digit of v?
3
Suppose 9*y - 4*y + 220 = 0. Let a = 1 - -68. Let r = y + a. What is the tens digit of r?
2
Let j be (-100)/(-15) - (-1)/3. Suppose -252 = -j*x + 287. Let o = -18 + x. What is the units digit of o?
9
Let f be 1288/(-49) - 4/(-14). Let w = f - -25. What is the tens digit of 1 - 7*-2 - w?
1
Let c = -69 - 54. Let r = c - -278. What is the tens digit of r?
5
Let n(w) = w + 16. Let a be n(-14). Suppose -a = -5*v - 3*q + 17, 4 = -2*q. Suppose 50 = 5*r - 4*p, p = -v*r - 3*p + 90. What is the units digit of r?
4
Let c = 776 - 433. Let y = c + 97. What is the tens digit of 4/18 - y/(-45)?
1
Suppose -23*c + 32255 = -18*c. What is the thousands digit of c?
6
Let c(r) = r**3 + 21*r**2 + 8*r + 35. Let h be c(-21). Let v = -69 - h. What is the tens digit of v?
6
Suppose -4*y + 1 = 5*i, -5*y - 8*i = -4*i - 8. Suppose y*j - 100 = 3*j. Suppose 4*x - j = -x. What is the units digit of x?
0
Let t = 118 - -3. Let r be 7 - (-2 + 2) - 3. Suppose w + t = r*w + 2*v, 0 = 5*w + 5*v - 210. What is the tens digit of w?
3
Let n = -77 - -84. Suppose 2679 = n*b + 12*b. What is the hundreds digit of b?
1
Suppose 0 = 3*t - 61 - 11. Suppose 5*x + t = x. What is the tens digit of (-2)/x - (-411)/9?
4
Let j = -10 - -6. Suppose 5*b - 5*g + 25 = 0, -2*g - 5 = -4*b - 15. What is the units digit of -3 + 0 - b - j?
1
Let c(t) = 17*t**2 - 13. What is the tens digit of c(-3)?
4
Let b(g) = 17*g - 3. Let l be b(-14). Let x = 340 + l. What is the units digit of x?
9
Let q = 73 + -69. What is the units digit of 1 + 87/(-1 + q)?
0
Suppose -13*c = -15*c + 4. Suppose -5*q + 118 = 2*n + 21, 92 = 4*q - c*n. What is the tens digit of q?
2
Let q(m) = -m**3 - 7*m**2 + 5*m + 20. Let l be (1 + 2)/((-1)/3 - 0). What is the hundreds digit of q(l)?
1
Let w(y) = 7*y**2 - 10*y - 147. What is the tens digit of w(19)?
9
Let k be 5/(-2)*(3 + -5). Suppose 3*r = k + 7. Suppose 3*h = -4*t + 201, -4*h + 59 = r*t - 141. What is the units digit of t?
1
Let z = 266 - -109. What is the units digit of z?
5
Suppose -29*i + 2*i = -1485. What is the units digit of i?
5
Let s(v) = v**2 + 8*v + 15. Suppose -4*q = -q + 15. Let h be s(q). Suppose h = -2*i + 3*i - 31. What is the units digit of i?
1
Let n = 1 + -5. Let v(z) = -3*z - 5. What is the units digit of v(n)?
7
What is the hundreds digit of (-3)/5 + (-2752)/(-20) + -6?
1
Let b(d) = 26*d - 14. Suppose -5*q + 3*h = -7 - 13, 0 = 2*q + 3*h - 8. What is the tens digit of b(q)?
9
Suppose -4*x - 4*k + 12236 = 0, 9*k = -x + 4*k + 3043. What is the hundreds digit of x?
0
Let x = -1492 - -4279. What is the hundreds digit of x?
7
Let f = -66 + 257. What is the units digit of f?
1
Let x(n) = -n**2 - 22*n - 102. What is the units digit of x(-12)?
8
Suppose s + 4*a - 1143 = 0, 4612 = -18*s + 22*s - 4*a. What is the units digit of s?
1
Suppose 5*c - 5*t - 1920 = 0, -3*c - t + 0*t + 1144 = 0. What is the tens digit of c?
8
Let v(x) = 3*x**3 - 6*x**2 + 10*x - 17. What is the units digit of v(5)?
8
Let k be (-70)/(-21) + 8/(-6). Suppose 0 = 3*q - k*q, -3*m = -2*q - 24. What is the units digit of 3*52/(m/2)?
9
Let b = 4156 + -2779. Suppose -y - 3*v = -283, v - 5*v = -5*y + b. What is the hundreds digit of y?
2
Let y(v) = 2*v**2 - 4*v + 1. Suppose 4*g = -8 + 40. Let l be y(g). Suppose -3*n + 14 = -l. What is the tens digit of n?
3
Let p be (10/(-25))/((-3)/30). Suppose -5*l - p*x = -208, -l + 6*l - 194 = 3*x. What is the tens digit of l?
4
Suppose m - 4*g + 47 - 601 = 0, -m - g + 534 = 0. What is the hundreds digit of m?
5
Let g = 10 + -4. Suppose -g*w - 36 = -10*w. What is the units digit of w?
9
Let s(i) = -i**3 - 28*i**2 + 16*i + 34. What is the tens digit of s(-29)?
1
Let d(t) = -t**2 - 6*t. Let k(l) = l**2 + 9*l + 2. Let y be k(-4). Let j be y/(6 + -3) + 2. What is the units digit of d(j)?
8
Let g = 4134 - 2081. What is the units digit of g?
3
Let d = 37 - 32. Suppose d*s = 5*a + 4 + 151, 2*a = -4. What is the units digit of s?
9
Suppose 0 = -2*v + 5*c + 3, 5 = 5*v + 3*c + 13. Let w(p) = 12*p**2 - 4*p - 5. What is the tens digit of w(v)?
1
Let q(f) = 4*f**2 + 97*f + 2. What is the hundreds digit of q(-29)?
5
Let u(z) = -z**2 - 8*z - 5. Let h be u(-6). Suppose -19 = -3*p - h. Suppose -m - 66 = -p*m. What is the tens digit of m?
2
Let x(h) = -19*h - 60. Let g be x(-10). What is the hundreds digit of g + -2*(-6)/4?
1
Let u(j) = j**2 - 3*j. Suppose -3*g + 47 + 19 = 0. Suppose 0 = 8*n - 4*n - 3*o - 17, -4*n + g = 2*o. What is the tens digit of u(n)?
1
Suppose -10 = -2*b, -2*h + 0 = 2*b - 38. What is the tens digit of (175/h)/(2/28)?
7
Let q be 2*(-3 - 3/(-6)). What is the units digit of 2/(q*1/(-230))?
2
Suppose -4*a = 16, 30 = 2*o - 2*a - 2*a. Suppose o + 98 = i. What is the tens digit of i?
0
Let s = 26 - 24. Suppose s*v + 122 = 4*v. What is the units digit of v?
1
Let p(k) = k**2 + 4*k + 4. Let o be p(-6). Suppose -g = -o + 17. What is the units digit of g - -44 - 27/(-9)?
6
Let d = -14 - -18. Suppose 5*x - 6 = d*o + 7, 0 = -5*o + 4*x - 14. What is the units digit of (4 + -3)/(o/(-6))?
3
Let r be (-3)/(-3)*-3*-5. Let a be -9*1/9*3. Let q = r + a. What is the units digit of q?
2
Let s be 5068/44 + (-6)/33. Suppose -3*q = -41 - s. What is the units digit of q?
2
Suppose 4*b - 5*m = 3*b + 96, 3*b - 3*m = 240. Suppose c + c + 2*o = b, 0 = -o. What is the tens digit of c?
3
Let c = -12 + 12. Suppose -4*t + 8*t + 8 = c. What is the tens digit of 1/t - 265/(-10)?
2
Let r(b) = b**2 + 10*b - 5. Let i be r(-11). Suppose 0 = i*o + 143 - 527. What is the tens digit of o?
6
Suppose 209 = 9*k - 313. Suppose k = 2*u - 48. What is the tens digit of u?
5
Let r(b) = 4*b**2 + 11*b + 1. Let k(v) = 2*v**2 + 6*v. Let o(f) = -10*k(f) + 6*r(f). Let y be o(-3). Suppose -y = -2*g + 2. What is the tens digit of g?
1
Let t be (-1 + 1 + -3)/(-1). Suppose 40 = -2*s - t*s. Let p = 6 - s. What is the units digit of p?
4
Suppose 2*j + 2*y = -6, -2*j = -3*y - 11 - 8. What is the units digit of j?
2
Let w = 22 - 18. Suppose w*g + 5 = h, -2*g - 3*h + 11 = -4. What is the tens digit of (-122)/(0 + -2) - g?
6
Let y be (-4)/8 - 3/(-2). Let n be -4 - ((-3)/y - 4). What is the tens digit of (n + 2)*(-26)/(-2)?
6
Let z(l) = -260*l - 706. What is the tens digit of z(-13)?
7
Let h(v) = 2*v**2 - 55*v - 12. Let a be h(26). Let r = -87 - a. What is the units digit of r?
3
Let y be 10 + -6 + (-9 - 1). Let i(t) = 2*t + 5. Let u(n) = -n + 1. Let v(p) = y*u(p) - i(p). What is the tens digit of v(8)?
2
Let p(v) = v**2 + 7*v + 6. Let q be p(-7). Let j be q/(-10) + 56/35. What is the units digit of (-2 - j)/((-5)/60)?
6
What is the tens digit of (-32)/12*(-4740)/16?
9
Let z(i) = 12*i**3 - 3*i**2 - 8*i + 27. What is the units digit of z(3)?
0
Let q = 589 - -4300. What is the hundreds digit of q?
8
Suppose 0 = -4*j - l + 483, -6*j + 2*l - 600 = -11*j. What is the units digit of j?
2
